 17*f - 1039. Let y = 479 - f. What is the tens digit of y?
0
Let d be 6 - -8*(-5)/10. Suppose -2*l + 3*l = s - 180, d*s - l = 362. What is the units digit of s?
2
Suppose -v = v - 6. Suppose v*x = -2*x. Let o = 22 - x. What is the units digit of o?
2
Suppose j + 1893 = -2*f + 17920, -f - 2*j = -8015. What is the hundreds digit of f?
0
Suppose -41 = -17*b - 7. Suppose -250 = x - b*x - 4*f, 5*x - 1250 = 3*f. What is the tens digit of x?
5
Let u = 3 - 1. Suppose f - 2*j = -3, 2*f - j = 2*j - 3. What is the tens digit of u/(-4)*(-372)/f?
6
Let q(g) = 27*g - 23*g + 47*g - 70. What is the tens digit of q(6)?
3
Let s = -18 + 6. Let q be (-45)/s + 2 + 4/16. Suppose 862 = q*i + 262. What is the hundreds digit of i?
1
What is the units digit of -1*(29 + -15) + 3397?
3
Let m = -213 + 1637. Suppose -5*a = 4*y - 5711, y - a = -6*a + m. What is the tens digit of y?
2
Suppose -6*i - 10394 = -112106. What is the tens digit of (-30)/(-24) + i/32?
3
Let g(y) = -3*y + 108. Let c = -145 - -171. What is the units digit of g(c)?
0
Suppose -26*m = -37*m + 3091. Let z = m - 7. What is the units digit of z?
4
Let l(k) be the second derivative of k**4/12 - 17*k**3/6 - 65*k**2/2 - 78*k. What is the units digit of l(36)?
9
Let v(j) = -1312*j - 5778. What is the hundreds digit of v(-17)?
5
Suppose 494 - 1 = 2*n - 237. What is the units digit of n?
5
Suppose 4*a + 506 + 162 = 4*o, 3*o - 501 = 2*a. Let p = -94 - -103. Suppose -p*q + o = -625. What is the units digit of q?
8
Suppose 16889 = -6*w + 108503. What is the thousands digit of w?
5
Let z(f) = f**2 + 0*f**2 + 102 + 1 - 2*f. Suppose -94*r - 18*r = 0. What is the hundreds digit of z(r)?
1
Let y be (-105)/2*20/15. Let m = -66 - y. Suppose 0 = m*c - 0 - 16. What is the units digit of c?
4
Let z = 3669 + 1269. What is the hundreds digit of z?
9
Let g(t) = -t**3 - 11*t**2 - 10*t + 5. Let h be g(-10). Suppose -4*a + w - 174 - 90 = 0, 0 = h*a - 2*w + 330. Let v = a - -171. What is the hundreds digit of v?
1
Let h(t) = 46*t + 40. Let g(v) = -15*v - 13. Let s(c) = 14*g(c) + 5*h(c). Let n be s(7). Suppose 8*x - 7*x = n. What is the units digit of x?
8
Let c(a) = a**2 + 24*a + 52. What is the tens digit of c(12)?
8
Suppose 32*d - 66897 = 31*d + 4*g, 2*d = 3*g + 133799. What is the ten thousands digit of d?
6
Let t(n) = -n**3 + 21*n**2 + 34*n - 2. Let a(s) = -s**3 + 19*s**2 + 33*s. Let q(l) = -7*a(l) + 6*t(l). What is the units digit of q(12)?
4
Suppose 3*r - 3*n - 40521 = 0, -90*n + 13505 = r - 89*n. What is the tens digit of r?
0
Suppose 8*x = -7*x + 7*x. Let c(w) = 6*w - 17. Let k be c(x). What is the units digit of -7*-3*k/(-3)?
9
Suppose 2*b + 4 = j + 112, j - 2 = 0. Let p = 49 + b. What is the hundreds digit of p?
1
What is the thousands digit of 1/9 + (-6828080)/(-1008)?
6
Let g(p) = 227*p**2 - 2*p - 2. Let b be g(-2). Let y = b - 190. Suppose 2*t - 12*t = -y. What is the tens digit of t?
7
Suppose -4*y = -5*b + 7*b - 1226, 5*b - 25 = 0. Suppose y*r + 336 = 308*r. What is the tens digit of r?
8
Suppose -5*g + 65 = 75. What is the tens digit of g*(2 + 2) + 889?
8
Let r(s) = -s**3 - 45*s**2 + 244*s + 187. What is the units digit of r(-56)?
9
Let k be 1/(((-68)/(-40))/(-17)). What is the hundreds digit of ((-12)/k)/((-14)/(-7385))?
6
Let i be ((-11377)/124)/(1/20). Let s = -1151 - i. What is the hundreds digit of s?
6
Let l(y) = 529*y**2 + 150*y + 20. What is the thousands digit of l(-6)?
8
What is the thousands digit of (-1)/(4/18)*(-16672 + (-65 - -55))?
5
Suppose 2332*d + 16 = 2336*d. Suppose -2*t - d*k = -t - 1534, 4 = -2*k. What is the tens digit of t?
4
Let g(i) = -140*i + 931. What is the hundreds digit of g(-34)?
6
Let d = -876 - -438. Let q = -160 - d. What is the units digit of q?
8
Let x be 35/(-135)*-3 - (-2)/9. What is the hundreds digit of 615 + (-2 - x)/(-3)?
6
What is the tens digit of 1543507/63 - 27/243?
0
Let a(r) be the third derivative of -r**6/60 - r**5/20 + 4*r**4/3 - 3*r**3/2 - 172*r**2. What is the units digit of a(-8)?
7
Let z be (-3)/(2 + 28/(-12)). Suppose 14*y = z*y + 1190. Suppose y = 4*o - 2*f, -5*f = -3*o - 0*f + 196. What is the tens digit of o?
5
Suppose 0 = 3*k + 2*s + 805, -2*k + 810 = -5*k + 3*s. Let p = 461 + k. Suppose 36*h - 28*h - p = 0. What is the tens digit of h?
2
Suppose -352638 = -89*z + 51247 - 42901. What is the units digit of z?
6
Let u = 2288 + 2598. What is the hundreds digit of u?
8
Let q be 23012/176 + (-10)/(-8). Let l = q - 24. What is the tens digit of l?
0
Let x(p) = -309*p**2 + 5*p + 6. Let j be x(-1). Let l = j - -599. What is the hundreds digit of l?
2
Let w = 34326 - 13005. What is the ten thousands digit of w?
2
Suppose 21040 = 7*r + 3295. Suppose -11*m = -24*m - r. What is the hundreds digit of (-13)/(m/(-486))*-5?
1
What is the thousands digit of 269/6*95 + (-73)/438?
4
Let g(z) = z**3 - 3*z**2 - 4*z + 2. Let k be g(4). Suppose 0 = 9*v + k - 29. Suppose 0*i + 197 = i - x, -596 = -v*i + 2*x. What is the hundreds digit of i?
2
Suppose -19*x + 14*x - 25 = 0. Let p be (-2)/x - (-480)/50. Let s(o) = 4*o - 31. What is the units digit of s(p)?
9
Let f(y) = 3*y**2 + 5*y + 17. Let k = 184 + -189. What is the units digit of f(k)?
7
Let f = 49795 + -34017. What is the tens digit of f?
7
Suppose 6*f + 8*f = -168. Let h be (-9)/6 - f/(-8). What is the tens digit of (h/((-84)/16))/((-10)/(-455))?
2
What is the ten thousands digit of (5 - -66211)/6 - (20 + -16)?
1
Let s = -105 + 104. Let p be (-1)/((-5)/(-5215))*s. Suppose -16*j + 9*j = -p. What is the hundreds digit of j?
1
Let g be (-5 + 7)*(-940)/(-8). Let k = 34 - g. Let m = k + 304. What is the units digit of m?
3
Let i = 475 + -266. Let f = i - -354. What is the tens digit of f?
6
Let q(b) = -b**2 + 2*b + 5. Let c be q(5). Suppose 4*j - 80 = 4*w, 5*j = -2*w + 3*w. What is the tens digit of 6/c + (-365)/w?
1
Suppose 3*i = 5*j - 31006, -2*i = -j + 138 + 6066. What is the tens digit of (j/24 + 7)*(-3)/(-2)?
9
Suppose 307 + 248 = 5*z. Suppose 2*c = 5*c - z. Suppose -u = -32 - c. What is the tens digit of u?
6
Let c = -260 - -386. Suppose c + 426 = 4*l. What is the hundreds digit of l?
1
Let q(s) = 1643*s - 677*s - 785*s - 36. What is the hundreds digit of q(5)?
8
Let f be -2980*((-11)/(-55) + (-14)/20). Suppose 35*d - 30*d = f. What is the hundreds digit of d?
2
Suppose -3*w = -463 - 8. Let i = -20 - w. What is the units digit of ((-55)/(-15) - 4)/(1/i)?
9
Let t(x) = -113*x - 367. What is the tens digit of t(-157)?
7
Let g be (-7 - 2)/3 + 1. Suppose 0 = -2*k - 6, -2 = 4*c + 3*k + 15. What is the hundreds digit of g*(c - 20/(-16)*-58)?
1
Suppose 5*d - 3*k = 33042, 2*k + 13212 = 3*d - d. What is the tens digit of d?
1
Let f be (20/8)/(-1 - -2)*2. Suppose f*t = i + 8397, -2*t - 2*i + 6712 = 2*t. What is the tens digit of t?
7
Let i = -8 - 0. Let k be ((-36)/24)/(2/i). What is the units digit of k/(-39) - (-2658)/39?
8
Let q(v) = v**3 - 5*v**2 - 21*v + 10. Let z be q(8). Suppose -z*a + 370 = -29*a. What is the tens digit of a?
7
Suppose 2*b - 5*q + 4 = 0, b - 7 = 4*q - 15. Suppose 448 = b*y - 80. Suppose 0 = -v + 3*w + 116, -546 + y = -4*v + 4*w. What is the hundreds digit of v?
1
Let f(z) = -z**2 - 6*z + 6. Let j be f(-5). Suppose -20*q = 32*q - 134316. What is the tens digit of q/j - 5 - 4/(-22)?
3
Let l be (6*3/(-12))/(6/392). Let m = 96 + l. What is the units digit of 1/m*29*42/(-3)?
3
Let f(q) = -7*q**2 - 2*q + 10. Let a be f(0). Suppose -5*p = -a*p + 5*z + 840, 680 = 4*p + 4*z. What is the tens digit of p?
6
Let o(d) be the second derivative of -d**4/12 - d**3/3 - 11*d**2/2 + 12*d. Let w be o(7). Let s = w + 184. What is the units digit of s?
0
Suppose 0 = -600*q + 646*q - 1490906. What is the ten thousands digit of q?
3
Suppose 18*a - 49*a + 154305 = 96*a. What is the hundreds digit of a?
2
Let l be (-2*2)/1 + 1 + 12. Suppose -6*d = -l*d + 1068. What is the hundreds digit of d?
3
Let u(l) = -l**2 + 17*l + 8. Let m(k) = 2*k + 1. Let o be m(2). Let j(s) = s**3 - 5*s**2 + 6*s - 14. Let d be j(o). What is the tens digit of u(d)?
2
Let i(f) = -78*f - 1. Let p be i(-6). Let v = 154 + p. What is the hundreds digit of v?
6
Suppose 5*n = 3*h - 23, 3*h + 0*h = n + 7. Let b be -13*3/(h/(76/12)). Let l = -140 - b. What is the units digit of l?
7
Let n be -36 + (2 - 0) + -2. Let d be 6/27 - 7408/n. Suppose 4*h - d = 2*j, -3*j - 